{"id":1395,"date":"2022-04-21T11:28:11","date_gmt":"2022-04-21T11:28:11","guid":{"rendered":"https:\/\/lamaisondemouma.fr\/index.php\/program\/"},"modified":"2023-12-28T23:55:47","modified_gmt":"2023-12-28T22:55:47","slug":"pedagogie-micro-creche-le-cellier","status":"publish","type":"page","link":"https:\/\/lamaisondemouma.fr\/index.php\/pedagogie-micro-creche-le-cellier\/","title":{"rendered":"P\u00e9dagogie"},"content":{"rendered":"\n<div id=\"wp-block-themeisle-blocks-advanced-columns-a2946a77\" class=\"wp-block-themeisle-blocks-advanced-columns alignfull has-2-columns has-desktop-equal-layout has-tablet-equal-layout has-mobile-collapsedRows-layout has-vertical-center ticss-a2946a77\"><div class=\"wp-block-themeisle-blocks-advanced-columns-overlay\"><\/div><div class=\"innerblocks-wrap\">\n<div id=\"wp-block-themeisle-blocks-advanced-column-bbddf55b\" class=\"wp-block-themeisle-blocks-advanced-column\">\n<figure class=\"wp-block-image aligncenter size-full is-resized has-custom-border\"><img loading=\"lazy\" decoding=\"async\" width=\"2560\" height=\"1920\" src=\"https:\/\/lamaisondemouma.fr\/wp-content\/uploads\/2023\/12\/gautam-arora-OVDtgUhUPBY-unsplash1-scaled.jpg\" alt=\"\" class=\"wp-image-2941\" style=\"border-radius:15px;width:299px;height:auto\" srcset=\"https:\/\/lamaisondemouma.fr\/wp-content\/uploads\/2023\/12\/gautam-arora-OVDtgUhUPBY-unsplash1-scaled.jpg 2560w, https:\/\/lamaisondemouma.fr\/wp-content\/uploads\/2023\/12\/gautam-arora-OVDtgUhUPBY-unsplash1-300x225.jpg 300w, https:\/\/lamaisondemouma.fr\/wp-content\/uploads\/2023\/12\/gautam-arora-OVDtgUhUPBY-unsplash1-1024x768.jpg 1024w, https:\/\/lamaisondemouma.fr\/wp-content\/uploads\/2023\/12\/gautam-arora-OVDtgUhUPBY-unsplash1-768x576.jpg 768w, https:\/\/lamaisondemouma.fr\/wp-content\/uploads\/2023\/12\/gautam-arora-OVDtgUhUPBY-unsplash1-1536x1152.jpg 1536w, https:\/\/lamaisondemouma.fr\/wp-content\/uploads\/2023\/12\/gautam-arora-OVDtgUhUPBY-unsplash1-2048x1536.jpg 2048w, https:\/\/lamaisondemouma.fr\/wp-content\/uploads\/2023\/12\/gautam-arora-OVDtgUhUPBY-unsplash1-600x450.jpg 600w\" sizes=\"auto, (max-width: 2560px) 100vw, 2560px\" \/><\/figure>\n<\/div>\n\n\n\n<div id=\"wp-block-themeisle-blocks-advanced-column-92b2db05\" class=\"wp-block-themeisle-blocks-advanced-column\">\n<div class=\"wp-block-uagb-info-box uagb-block-454099b0 uagb-infobox__content-wrap  uagb-infobox-icon-above-title uagb-infobox-image-valign-top\"><div class=\"uagb-ifb-content\"><div class=\"uagb-ifb-title-wrap\"><h1 class=\"uagb-ifb-title-prefix\">Micro-cr\u00e8che Le Cellier<\/h1><h2 class=\"uagb-ifb-title\">P\u00e9dagogie<\/h2><\/div><p class=\"uagb-ifb-desc\">Le projet \u00e9ducatif formule les principes collectifs qui vont \u00eatre mis en \u0153uvre pour permettre la prise en charge des enfants. Ce sont les conceptions \u00e9ducatives et p\u00e9dagogiques, les valeurs que l\u2019on souhaite v\u00e9hiculer au sein de la cr\u00e8che. <br><br>Il s\u2019agit d\u2019un outil indispensable pour travailler ensemble et apporter aux enfants des valeurs communes. Le projet p\u00e9dagogique, quant \u00e0 lui, permettra de d\u00e9crire la mani\u00e8re dont ses objectifs sont mis en place.<br><\/p><\/div><\/div>\n\n\n\n<div class=\"wp-block-buttons is-content-justification-left is-layout-flex wp-container-core-buttons-is-layout-fc4fd283 wp-block-buttons-is-layout-flex\">\n<div class=\"wp-block-button is-style-primary\"><a class=\"wp-block-button__link wp-element-button\" href=\"https:\/\/lamaisondemouma.fr\/index.php\/a-propos\/\">\u00c0 propos<\/a><\/div>\n<\/div>\n<\/div>\n<\/div><\/div>\n\n\n\n<div class=\"wp-block-group alignwide is-vertical is-layout-flex wp-container-core-group-is-layout-41fdfdc5 wp-block-group-is-layout-flex\">\n<div class=\"wp-block-uagb-info-box uagb-block-e1df1632 uagb-infobox__content-wrap  uagb-infobox-icon-above-title uagb-infobox-image-valign-top\"><div class=\"uagb-ifb-content\"><div class=\"uagb-ifb-title-wrap\"><span class=\"uagb-ifb-title-prefix\">Pourquoi nous ?<\/span><h2 class=\"uagb-ifb-title\">Nos m\u00e9thodes p\u00e9dagogiques<\/h2><\/div><p class=\"uagb-ifb-desc\">Nous adoptons deux approches p\u00e9dagogiques, <strong>Montessori <\/strong>et<strong> Loczy<\/strong>. Cette diversit\u00e9 permet d&rsquo;adapter l&rsquo;enseignement au rythme individuel de chaque enfant, favorisant l&rsquo;autonomie, l&rsquo;exploration libre et le respect du d\u00e9veloppement naturel. <br><br>En int\u00e9grant ces m\u00e9thodes, nous cr\u00e9ons un environnement \u00e9ducatif inclusif et stimulant, encourageant la confiance en soi et la cr\u00e9ativit\u00e9, pour accompagner chaque enfant dans son parcours unique d&rsquo;apprentissage.<br><\/p><\/div><\/div>\n\n\n\n<div class=\"wp-block-uagb-container uagb-block-296b20d9 alignfull uagb-is-root-container\"><div class=\"uagb-container-inner-blocks-wrap\">\n<div class=\"wp-block-columns is-layout-flex wp-container-core-columns-is-layout-28f84493 wp-block-columns-is-layout-flex\">\n<div class=\"wp-block-column is-layout-flow wp-block-column-is-layout-flow\">\n<div class=\"wp-block-uagb-container uagb-block-666f8c41\">\n<div class=\"wp-block-uagb-container uagb-block-18464190\">\n<h3 class=\"wp-block-heading alignwide has-text-align-center has-ast-global-color-1-color has-text-color has-link-color wp-elements-56efdafd2c309095812b6311ff3cbea9\">Montessori<\/h3>\n\n\n\n<p>La m\u00e9thode Montessori en cr\u00e8che se base sur l&rsquo;autonomie de l&rsquo;enfant, encourageant l&rsquo;exploration libre et le choix d&rsquo;activit\u00e9s adapt\u00e9es \u00e0 son d\u00e9veloppement. <\/p>\n\n\n\n<p>Les \u00e9ducateurs observent et guident, favorisant un environnement pr\u00e9par\u00e9 pour stimuler les sens et les comp\u00e9tences sociales. L&rsquo;approche Montessori en cr\u00e8che vise \u00e0 cultiver la confiance, la cr\u00e9ativit\u00e9 et l&rsquo;amour de l&rsquo;apprentissage d\u00e8s les premi\u00e8res ann\u00e9es.<\/p>\n<\/div>\n<\/div>\n<\/div>\n\n\n\n<div class=\"wp-block-column is-layout-flow wp-block-column-is-layout-flow\">\n<div class=\"wp-block-uagb-container uagb-block-3584b1a0\">\n<div class=\"wp-block-uagb-container uagb-block-93b6c71c\">\n<h3 class=\"wp-block-heading has-text-align-center has-ast-global-color-0-color has-text-color has-link-color wp-elements-5e1a6716c28e1e6fc5aec0b8a4dcf6ae\">Loczy<\/h3>\n\n\n\n<p>La m\u00e9thode Loczy, \u00e9galement connue sous le nom d&rsquo;Approche Pikler, en cr\u00e8che se concentre sur le respect du rythme de d\u00e9veloppement individuel de l&rsquo;enfant. Elle favorise une relation de confiance entre l&rsquo;enfant et le soignant, encourageant l&rsquo;exploration libre et le mouvement autonome. <\/p>\n\n\n\n<p>L&rsquo;approche Loczy met l&rsquo;accent sur le bien-\u00eatre \u00e9motionnel et physique de l&rsquo;enfant, en fournissant un environnement s\u00fbr et affectueux qui favorise la croissance naturelle.<\/p>\n<\/div>\n<\/div>\n<\/div>\n<\/div>\n<\/div><\/div>\n\n\n\n<div class=\"wp-block-buttons is-content-justification-center is-layout-flex wp-container-core-buttons-is-layout-a89b3969 wp-block-buttons-is-layout-flex\">\n<div class=\"wp-block-button has-custom-width wp-block-button__width-100 has-custom-font-size is-style-primary has-medium-font-size\"><a class=\"wp-block-button__link wp-element-button\" href=\"https:\/\/opticreche.fr\/inscriptions\/questionnaire\/maisondeMouma\" style=\"padding-top:var(--wp--preset--spacing--40);padding-right:var(--wp--preset--spacing--50);padding-bottom:var(--wp--preset--spacing--40);padding-left:var(--wp--preset--spacing--50)\" target=\"_blank\" rel=\"noopener\">Pr\u00e9-inscription<\/a><\/div>\n<\/div>\n<\/div>\n\n\n\n<div class=\"wp-block-uagb-container uagb-block-76c10568 alignfull uagb-is-root-container\"><div class=\"uagb-container-inner-blocks-wrap\">\n<div class=\"wp-block-uagb-container uagb-block-6aa5c44b alignfull uagb-is-root-container\"><div class=\"uagb-container-inner-blocks-wrap\">\n<div class=\"wp-block-uagb-container uagb-block-934eb60e\">\n<div class=\"wp-block-uagb-info-box uagb-block-36334cf5 uagb-infobox__content-wrap  uagb-infobox-icon-above-title uagb-infobox-image-valign-top\"><div class=\"uagb-ifb-content\"><div class=\"uagb-ifb-title-wrap\"><span class=\"uagb-ifb-title-prefix\">Mais encore ? <\/span><h2 class=\"uagb-ifb-title\">Projet \u00e9ducatif<\/h2><\/div><p class=\"uagb-ifb-desc\">Les premi\u00e8res ann\u00e9es de la vie de l\u2019enfant sont tr\u00e8s importantes, ce sont des ann\u00e9es formatrices pour son d\u00e9veloppement \u00e9motionnel et intellectuel.<br><br>Il s\u2019agit avant tout pour l\u2019\u00e9quipe de pr\u00e9server et favoriser le bien-\u00eatre de l\u2019enfant afin qu\u2019il puisse s\u2019\u00e9panouir pleinement dans ce lieu collectif, diff\u00e9rent de sa cellule familiale.<br><\/p><\/div><\/div>\n\n\n\n<div class=\"wp-block-buttons is-layout-flex wp-block-buttons-is-layout-flex\">\n<div class=\"wp-block-button is-style-primary\"><a class=\"wp-block-button__link wp-element-button\" href=\"https:\/\/lamaisondemouma.fr\/index.php\/contact\/\">Contact<\/a><\/div>\n<\/div>\n<\/div>\n\n\n\n<div class=\"wp-block-uagb-container uagb-block-492c036c\">\n<div class=\"wp-block-uagb-container uagb-block-f713efb4\">\n<div class=\"wp-block-uagb-info-box uagb-block-141a86e9 uagb-infobox__content-wrap  uagb-infobox-icon-left uagb-infobox-left uagb-infobox-image-valign-top\"><div class=\"uagb-ifb-icon-wrap\"><div class=\"uagb-iconbox-icon-wrap uagb-infobox-shape-circle\"><svg xmlns=\"https:\/\/www.w3.org\/2000\/svg\" viewBox=\"0 0 640 512\"><path d=\"M216.1 236C205.1 222.3 185.8 219.1 172 231c-13.81 11.06-16.05 31.19-5 45l18.86 30.56C194.8 317.7 193.9 333.7 183.8 343.8c-11.79 11.79-31.2 10.71-41.61-2.305L80 256.8V104C80 81.91 62.09 64 40 64S0 81.91 0 104v204.7c0 14.54 4.949 28.65 14.03 40l120.1 151.3C141.1 507.6 150.3 512 159.1 512H256c17.67 0 32.03-14.35 32.03-32.02L288 358.4c0-21.79-7.414-42.93-21.02-59.94L216.1 236zM600 64c-22.09 0-40 17.91-40 40v152.8l-62.2 84.73c-10.41 13.02-29.83 14.09-41.61 2.305c-10.08-10.07-10.97-26.11-2.068-37.24l18.86-30.56c11.05-13.81 8.812-33.94-5-45c-13.77-11.03-33.94-8.75-44.97 5l-49.99 62.5C359.4 315.5 352 336.6 352 358.4l-.0313 121.5C351.1 497.7 366.3 512 384 512h96.02c9.713 0 18.9-4.414 24.96-12l120.1-151.3C635.1 337.4 640 323.3 640 308.7V104C640 81.91 622.1 64 600 64z\"><\/path><\/svg><\/div><\/div><div class=\"uagb-ifb-content\"><div class=\"uagb-ifb-title-wrap\"><h5 class=\"uagb-ifb-title\">S\u00e9curit\u00e9 <\/h5><\/div><p class=\"uagb-ifb-desc\">Permettre \u00e0 tous les enfants de s&rsquo;\u00e9panouir pleinement en respectant leurs rythmes et en leur apportant la securit\u00e9 affective n\u00e9cessaire \u00e0 leur d\u00e9veloppement.<\/p><\/div><\/div>\n<\/div>\n\n\n\n<div class=\"wp-block-uagb-container uagb-block-57166fd8\">\n<div class=\"wp-block-uagb-info-box uagb-block-cce7e708 uagb-infobox__content-wrap  uagb-infobox-icon-left uagb-infobox-left uagb-infobox-image-valign-top\"><div class=\"uagb-ifb-icon-wrap\"><div class=\"uagb-iconbox-icon-wrap uagb-infobox-shape-circle\"><svg xmlns=\"https:\/\/www.w3.org\/2000\/svg\" viewBox=\"0 0 576 512\"><path d=\"M275.2 250.5c7 7.375 18.5 7.375 25.5 0l108.1-114.2c31.5-33.12 29.72-88.1-5.65-118.7c-30.88-26.75-76.75-21.9-104.9 7.724L287.1 36.91L276.8 25.28C248.7-4.345 202.7-9.194 171.1 17.56C136.7 48.18 134.7 103.2 166.4 136.3L275.2 250.5zM568.2 336.3c-13.12-17.81-38.14-21.66-55.93-8.469l-119.7 88.17h-120.6c-8.748 0-15.1-7.25-15.1-15.1c0-8.746 7.25-15.1 15.1-15.1h78.25c15.1 0 30.75-10.87 33.37-26.62c3.25-19.1-12.12-37.37-31.62-37.37H191.1c-26.1 0-53.12 9.25-74.12 26.25l-46.5 37.74l-55.37-.0253c-8.748 0-15.1 7.275-15.1 16.02L.0001 496C.0001 504.8 7.251 512 15.1 512h346.1c22.03 0 43.92-7.187 61.7-20.28l135.1-99.51C577.5 379.1 581.3 354.1 568.2 336.3z\"><\/path><\/svg><\/div><\/div><div class=\"uagb-ifb-content\"><div class=\"uagb-ifb-title-wrap\"><h5 class=\"uagb-ifb-title\">Inclusivit\u00e9<\/h5><\/div><p class=\"uagb-ifb-desc\">Apprendre \u00e0 vivre ensemble dans la diversit\u00e9 : petits, grands et porteurs de handicap. <\/p><\/div><\/div>\n<\/div>\n\n\n\n<div class=\"wp-block-uagb-container uagb-block-8fb23b8e\">\n<div class=\"wp-block-uagb-info-box uagb-block-1dc5c7a8 uagb-infobox__content-wrap  uagb-infobox-icon-left uagb-infobox-left uagb-infobox-image-valign-top\"><div class=\"uagb-ifb-icon-wrap\"><div class=\"uagb-iconbox-icon-wrap uagb-infobox-shape-circle\"><svg xmlns=\"https:\/\/www.w3.org\/2000\/svg\" viewBox=\"0 0 576 512\"><path d=\"M279.6 160.4C282.4 160.1 285.2 160 288 160C341 160 384 202.1 384 256C384 309 341 352 288 352C234.1 352 192 309 192 256C192 253.2 192.1 250.4 192.4 247.6C201.7 252.1 212.5 256 224 256C259.3 256 288 227.3 288 192C288 180.5 284.1 169.7 279.6 160.4zM480.6 112.6C527.4 156 558.7 207.1 573.5 243.7C576.8 251.6 576.8 260.4 573.5 268.3C558.7 304 527.4 355.1 480.6 399.4C433.5 443.2 368.8 480 288 480C207.2 480 142.5 443.2 95.42 399.4C48.62 355.1 17.34 304 2.461 268.3C-.8205 260.4-.8205 251.6 2.461 243.7C17.34 207.1 48.62 156 95.42 112.6C142.5 68.84 207.2 32 288 32C368.8 32 433.5 68.84 480.6 112.6V112.6zM288 112C208.5 112 144 176.5 144 256C144 335.5 208.5 400 288 400C367.5 400 432 335.5 432 256C432 176.5 367.5 112 288 112z\"><\/path><\/svg><\/div><\/div><div class=\"uagb-ifb-content\"><div class=\"uagb-ifb-title-wrap\"><h5 class=\"uagb-ifb-title\">Respect<\/h5><\/div><p class=\"uagb-ifb-desc\">Consid\u00e9rer l&rsquo;enfant comme un \u00eatre \u00e0 part enti\u00e8re ayant des d\u00e9sirs d\u00e8s son plus jeune \u00e2ges. <\/p><\/div><\/div>\n<\/div>\n<\/div>\n<\/div><\/div>\n<\/div><\/div>\n","protected":false},"excerpt":{"rendered":"<p>Montessori La m\u00e9thode Montessori en cr\u00e8che se base sur l&rsquo;autonomie de l&rsquo;enfant, encourageant l&rsquo;exploration libre et le choix d&rsquo;activit\u00e9s adapt\u00e9es \u00e0 son d\u00e9veloppement. Les \u00e9ducateurs observent et guident, favorisant un environnement pr\u00e9par\u00e9 pour stimuler les sens et les comp\u00e9tences sociales. L&rsquo;approche Montessori en cr\u00e8che vise \u00e0 cultiver la confiance, la cr\u00e9ativit\u00e9 et l&rsquo;amour de l&rsquo;apprentissage &hellip;<\/p>\n<p class=\"read-more\"> <a class=\"\" href=\"https:\/\/lamaisondemouma.fr\/index.php\/pedagogie-micro-creche-le-cellier\/\"> <span class=\"screen-reader-text\">P\u00e9dagogie<\/span> Lire la suite\u00a0\u00bb<\/a><\/p>\n","protected":false},"author":1,"featured_media":0,"parent":0,"menu_order":0,"comment_status":"closed","ping_status":"closed","template":"","meta":{"_uag_custom_page_level_css":"","site-sidebar-layout":"no-sidebar","site-content-layout":"page-builder","ast-site-content-layout":"full-width-container","site-content-style":"unboxed","site-sidebar-style":"unboxed","ast-global-header-display":"","ast-banner-title-visibility":"","ast-main-header-display":"","ast-hfb-above-header-display":"","ast-hfb-below-header-display":"","ast-hfb-mobile-header-display":"","site-post-title":"disabled","ast-breadcrumbs-content":"","ast-featured-img":"disabled","footer-sml-layout":"","theme-transparent-header-meta":"enabled","adv-header-id-meta":"","stick-header-meta":"","header-above-stick-meta":"","header-main-stick-meta":"","header-below-stick-meta":"","astra-migrate-meta-layouts":"set","ast-page-background-enabled":"default","ast-page-background-meta":{"desktop":{"background-color":"var(--ast-global-color-4)","background-image":"","background-repeat":"repeat","background-position":"center center","background-size":"auto","background-attachment":"scroll","background-type":"","background-media":"","overlay-type":"","overlay-color":"","overlay-gradient":""},"tablet":{"background-color":"","background-image":"","background-repeat":"repeat","background-position":"center center","background-size":"auto","background-attachment":"scroll","background-type":"","background-media":"","overlay-type":"","overlay-color":"","overlay-gradient":""},"mobile":{"background-color":"","background-image":"","background-repeat":"repeat","background-position":"center center","background-size":"auto","background-attachment":"scroll","background-type":"","background-media":"","overlay-type":"","overlay-color":"","overlay-gradient":""}},"ast-content-background-meta":{"desktop":{"background-color":"var(--ast-global-color-5)","background-image":"","background-repeat":"repeat","background-position":"center center","background-size":"auto","background-attachment":"scroll","background-type":"","background-media":"","overlay-type":"","overlay-color":"","overlay-gradient":""},"tablet":{"background-color":"var(--ast-global-color-5)","background-image":"","background-repeat":"repeat","background-position":"center center","background-size":"auto","background-attachment":"scroll","background-type":"","background-media":"","overlay-type":"","overlay-color":"","overlay-gradient":""},"mobile":{"background-color":"var(--ast-global-color-5)","background-image":"","background-repeat":"repeat","background-position":"center center","background-size":"auto","background-attachment":"scroll","background-type":"","background-media":"","overlay-type":"","overlay-color":"","overlay-gradient":""}},"_themeisle_gutenberg_block_has_review":false,"_ti_tpc_template_sync":false,"_ti_tpc_template_id":"","footnotes":""},"class_list":["post-1395","page","type-page","status-publish","hentry"],"uagb_featured_image_src":{"full":false,"thumbnail":false,"medium":false,"medium_large":false,"large":false,"1536x1536":false,"2048x2048":false,"woocommerce_thumbnail":false,"woocommerce_single":false,"woocommerce_gallery_thumbnail":false},"uagb_author_info":{"display_name":"admin9617","author_link":"https:\/\/lamaisondemouma.fr\/author\/admin9617\/"},"uagb_comment_info":0,"uagb_excerpt":"Montessori La m\u00e9thode Montessori en cr\u00e8che se base sur l&rsquo;autonomie de l&rsquo;enfant, encourageant l&rsquo;exploration libre et le choix d&rsquo;activit\u00e9s adapt\u00e9es \u00e0 son d\u00e9veloppement. Les \u00e9ducateurs observent et guident, favorisant un environnement pr\u00e9par\u00e9 pour stimuler les sens et les comp\u00e9tences sociales. L&rsquo;approche Montessori en cr\u00e8che vise \u00e0 cultiver la confiance, la cr\u00e9ativit\u00e9 et l&rsquo;amour de l&rsquo;apprentissage\u2026","_links":{"self":[{"href":"https:\/\/lamaisondemouma.fr\/index.php\/wp-json\/wp\/v2\/pages\/1395","targetHints":{"allow":["GET"]}}],"collection":[{"href":"https:\/\/lamaisondemouma.fr\/index.php\/wp-json\/wp\/v2\/pages"}],"about":[{"href":"https:\/\/lamaisondemouma.fr\/index.php\/wp-json\/wp\/v2\/types\/page"}],"author":[{"embeddable":true,"href":"https:\/\/lamaisondemouma.fr\/index.php\/wp-json\/wp\/v2\/users\/1"}],"replies":[{"embeddable":true,"href":"https:\/\/lamaisondemouma.fr\/index.php\/wp-json\/wp\/v2\/comments?post=1395"}],"version-history":[{"count":36,"href":"https:\/\/lamaisondemouma.fr\/index.php\/wp-json\/wp\/v2\/pages\/1395\/revisions"}],"predecessor-version":[{"id":2980,"href":"https:\/\/lamaisondemouma.fr\/index.php\/wp-json\/wp\/v2\/pages\/1395\/revisions\/2980"}],"wp:attachment":[{"href":"https:\/\/lamaisondemouma.fr\/index.php\/wp-json\/wp\/v2\/media?parent=1395"}],"curies":[{"name":"wp","href":"https:\/\/api.w.org\/{rel}","templated":true}]}}