{"id":2768,"date":"2023-12-25T15:41:32","date_gmt":"2023-12-25T14:41:32","guid":{"rendered":"https:\/\/lamaisondemouma.fr\/?page_id=2768"},"modified":"2024-01-04T14:06:49","modified_gmt":"2024-01-04T13:06:49","slug":"tarification","status":"publish","type":"page","link":"https:\/\/lamaisondemouma.fr\/index.php\/tarification\/","title":{"rendered":"Tarification"},"content":{"rendered":"\n<div id=\"wp-block-themeisle-blocks-advanced-columns-784450ff\" class=\"wp-block-themeisle-blocks-advanced-columns has-1-columns has-desktop-equal-layout has-tablet-equal-layout has-mobile-equal-layout has-vertical-top ticss-c00aadba\"><div class=\"wp-block-themeisle-blocks-advanced-columns-overlay\"><\/div><div class=\"innerblocks-wrap\">\n<div id=\"wp-block-themeisle-blocks-advanced-column-d0fbfc0a\" class=\"wp-block-themeisle-blocks-advanced-column\">\n<div id=\"wp-block-themeisle-blocks-advanced-columns-f32a2609\" class=\"wp-block-themeisle-blocks-advanced-columns has-1-columns has-desktop-equal-layout has-tablet-equal-layout has-mobile-equal-layout has-vertical-center\"><div class=\"wp-block-themeisle-blocks-advanced-columns-overlay\"><\/div><div class=\"innerblocks-wrap\">\n<div id=\"wp-block-themeisle-blocks-advanced-column-3567d86b\" class=\"wp-block-themeisle-blocks-advanced-column\">\n<h2 id=\"wp-block-themeisle-blocks-advanced-heading-d5f71f32\" class=\"wp-block-themeisle-blocks-advanced-heading wp-block-themeisle-blocks-advanced-heading-d5f71f32\">Tarification<\/h2>\n\n\n\n<p class=\"has-text-align-left\" style=\"padding-right:16px;padding-left:16px\">La tarification pour les familles est flexible et d\u00e9pend \u00e0 la fois du nombre d&rsquo;heures de garde par semaine et du revenu familial. <\/p>\n\n\n\n<p class=\"has-text-align-left\" style=\"padding-right:16px;padding-left:16px\">Le co\u00fbt r\u00e9el de la garde de votre enfant \u00e0 la micro-cr\u00e8che La Maison de Mouma est influenc\u00e9 par cette tarification, ainsi que par le montant de l&rsquo;aide PAJE-CMG Structure que vous recevez directement de la CAF.<\/p>\n<\/div>\n<\/div><\/div>\n\n\n\n<div id=\"wp-block-themeisle-blocks-advanced-columns-8085ff1f\" class=\"wp-block-themeisle-blocks-advanced-columns has-3-columns has-desktop-equal-layout has-tablet-equal-layout has-mobile-collapsedRows-layout has-vertical-top\"><div class=\"wp-block-themeisle-blocks-advanced-columns-overlay\"><\/div><div class=\"innerblocks-wrap\">\n<div id=\"wp-block-themeisle-blocks-advanced-column-dfb15c39\" class=\"wp-block-themeisle-blocks-advanced-column\">\n<div id=\"wp-block-themeisle-blocks-font-awesome-icons-c5fd27f1\" class=\"wp-block-themeisle-blocks-font-awesome-icons\"><span class=\"wp-block-themeisle-blocks-font-awesome-icons-container nan-padding\"><i class=\"fas fa-calendar-alt\"><\/i><\/span><\/div>\n\n\n\n<h3 id=\"wp-block-themeisle-blocks-advanced-heading-3147d135\" class=\"wp-block-themeisle-blocks-advanced-heading wp-block-themeisle-blocks-advanced-heading-3147d135\">Accueil permanent<\/h3>\n\n\n\n<p class=\"has-text-align-left\">Le contrat d&rsquo;accueil permanent fixe les jours d&rsquo;accueil de l&rsquo;enfant pour une ann\u00e9e scolaire, du 1er septembre au 31 ao\u00fbt. <\/p>\n\n\n\n<p class=\"has-text-align-left\">Cela \u00e9tablit un engagement pour cette p\u00e9riode, d\u00e9terminant les jours o\u00f9 l&rsquo;enfant b\u00e9n\u00e9ficiera des services de la structure.<\/p>\n<\/div>\n\n\n\n<div id=\"wp-block-themeisle-blocks-advanced-column-ec09b220\" class=\"wp-block-themeisle-blocks-advanced-column ticss-ec09b220\">\n<div id=\"wp-block-themeisle-blocks-font-awesome-icons-1225333d\" class=\"wp-block-themeisle-blocks-font-awesome-icons\"><span class=\"wp-block-themeisle-blocks-font-awesome-icons-container nan-padding\"><i class=\"fas fa-clock\"><\/i><\/span><\/div>\n\n\n\n<h3 id=\"wp-block-themeisle-blocks-advanced-heading-869a9c1f\" class=\"wp-block-themeisle-blocks-advanced-heading wp-block-themeisle-blocks-advanced-heading-869a9c1f\">Accueil ponctuel<\/h3>\n\n\n\n<p>L&rsquo;accueil ponctuel d\u00e9pend des besoins des familles et de la disponibilit\u00e9 des places.<\/p>\n\n\n\n<p>Le contrat d&rsquo;accueil occasionnel est principalement destin\u00e9 aux enfants d\u00e9j\u00e0 inscrits en accueil r\u00e9gulier dans la structure.<\/p>\n<\/div>\n\n\n\n<div id=\"wp-block-themeisle-blocks-advanced-column-adbc5601\" class=\"wp-block-themeisle-blocks-advanced-column\">\n<div id=\"wp-block-themeisle-blocks-font-awesome-icons-2851bd4e\" class=\"wp-block-themeisle-blocks-font-awesome-icons\"><span class=\"wp-block-themeisle-blocks-font-awesome-icons-container nan-padding\"><i class=\"fas fa-star-of-life\"><\/i><\/span><\/div>\n\n\n\n<h3 id=\"wp-block-themeisle-blocks-advanced-heading-bacc3ab4\" class=\"wp-block-themeisle-blocks-advanced-heading wp-block-themeisle-blocks-advanced-heading-bacc3ab4\">Accueil d&rsquo;urgence<\/h3>\n\n\n\n<p class=\"has-text-align-left\">L&rsquo;accueil d&rsquo;urgence offre la possibilit\u00e9 de recevoir des enfants qui ne font pas habituellement partie de la structure, pour des p\u00e9riodes de garde br\u00e8ves et d\u00e9finies. <\/p>\n\n\n\n<p class=\"has-text-align-left\">C&rsquo;est une solution pens\u00e9e notamment pour les parents faisant face \u00e0 des impr\u00e9vus.<\/p>\n\n\n\n<p class=\"has-text-align-left\">Dans ce cas, l&rsquo;accueil se fait sans n\u00e9cessiter d&rsquo;adaptation particuli\u00e8re pour l&rsquo;enfant.<\/p>\n<\/div>\n<\/div><\/div>\n<\/div>\n<\/div><\/div>\n\n\n\n<div class=\"wp-block-uagb-container uagb-block-c51fd853 alignfull uagb-is-root-container\"><div class=\"uagb-container-inner-blocks-wrap\">\n<div class=\"wp-block-columns is-layout-flex wp-container-core-columns-is-layout-28f84493 wp-block-columns-is-layout-flex\">\n<div class=\"wp-block-column is-layout-flow wp-block-column-is-layout-flow\">\n<div class=\"wp-block-columns is-layout-flex wp-container-core-columns-is-layout-28f84493 wp-block-columns-is-layout-flex\">\n<div class=\"wp-block-column is-layout-flow wp-block-column-is-layout-flow\">\n<div id=\"wp-block-themeisle-blocks-advanced-columns-99a8b2db\" class=\"wp-block-themeisle-blocks-advanced-columns alignfull has-1-columns has-desktop-equal-layout has-tablet-equal-layout has-mobile-collapsedRows-layout has-vertical-center ticss-c00aadba\"><div class=\"wp-block-themeisle-blocks-advanced-columns-overlay\"><\/div><div class=\"innerblocks-wrap\">\n<div id=\"wp-block-themeisle-blocks-advanced-column-c12a67d5\" class=\"wp-block-themeisle-blocks-advanced-column\">\n<div id=\"wp-block-themeisle-blocks-advanced-columns-26d189a9\" class=\"wp-block-themeisle-blocks-advanced-columns has-1-columns has-desktop-equal-layout has-tablet-equal-layout has-mobile-equal-layout has-vertical-center\"><div class=\"wp-block-themeisle-blocks-advanced-columns-overlay\"><\/div><div class=\"innerblocks-wrap\">\n<div id=\"wp-block-themeisle-blocks-advanced-column-c5901872\" class=\"wp-block-themeisle-blocks-advanced-column\">\n<h3 id=\"wp-block-themeisle-blocks-advanced-heading-676be006\" class=\"wp-block-themeisle-blocks-advanced-heading wp-block-themeisle-blocks-advanced-heading-676be006\">Les services de la Micro-cr\u00e8che<\/h3>\n\n\n\n<p class=\"has-text-align-center\"><\/p>\n<\/div>\n<\/div><\/div>\n\n\n\n<div id=\"wp-block-themeisle-blocks-advanced-columns-e7155167\" class=\"wp-block-themeisle-blocks-advanced-columns has-3-columns has-desktop-equal-layout has-tablet-equal-layout has-mobile-collapsedRows-layout has-vertical-top\"><div class=\"wp-block-themeisle-blocks-advanced-columns-overlay\"><\/div><div class=\"innerblocks-wrap\">\n<div id=\"wp-block-themeisle-blocks-advanced-column-f4e05193\" class=\"wp-block-themeisle-blocks-advanced-column\">\n<figure class=\"wp-block-image aligncenter size-full is-resized\"><img loading=\"lazy\" decoding=\"async\" width=\"800\" height=\"800\" src=\"https:\/\/lamaisondemouma.fr\/wp-content\/uploads\/2023\/12\/baby-breakfast-porridge-spoon-svgrepo-com1.svg\" alt=\"\" class=\"wp-image-2728\" style=\"width:49px;height:auto\"\/><\/figure>\n\n\n\n<h4 id=\"wp-block-themeisle-blocks-advanced-heading-cadf3961\" class=\"wp-block-themeisle-blocks-advanced-heading wp-block-themeisle-blocks-advanced-heading-cadf3961\">Repas<\/h4>\n\n\n\n<p class=\"has-text-align-left\">Les repas sont pr\u00e9par\u00e9s en veillant\u2002\u00e0 l&rsquo;\u00e9quilibre alimentaire et de besoins \u00e0 chaque \u00e2ge.<\/p>\n<\/div>\n\n\n\n<div id=\"wp-block-themeisle-blocks-advanced-column-6926cc84\" class=\"wp-block-themeisle-blocks-advanced-column\">\n<figure class=\"wp-block-image aligncenter size-full is-resized\"><img loading=\"lazy\" decoding=\"async\" width=\"800\" height=\"800\" src=\"https:\/\/lamaisondemouma.fr\/wp-content\/uploads\/2023\/12\/diaper-nappies-baby-svgrepo-com1.svg\" alt=\"\" class=\"wp-image-2726\" style=\"width:48px;height:auto\"\/><\/figure>\n\n\n\n<h4 id=\"wp-block-themeisle-blocks-advanced-heading-c1d32c9e\" class=\"wp-block-themeisle-blocks-advanced-heading wp-block-themeisle-blocks-advanced-heading-c1d32c9e\">Soin et Hygi\u00e8ne<\/h4>\n\n\n\n<p class=\"has-text-align-left\">Les n\u00e9cessaires de soins et de changes sont fournis. (Couches, mouchoirs, savon&#8230;)<\/p>\n<\/div>\n\n\n\n<div id=\"wp-block-themeisle-blocks-advanced-column-a4d08742\" class=\"wp-block-themeisle-blocks-advanced-column\">\n<figure class=\"wp-block-image aligncenter size-full is-resized\"><img loading=\"lazy\" decoding=\"async\" width=\"800\" height=\"800\" src=\"https:\/\/lamaisondemouma.fr\/wp-content\/uploads\/2023\/12\/iphone-svgrepo-com.svg\" alt=\"\" class=\"wp-image-2725\" style=\"width:39px;height:auto\"\/><\/figure>\n\n\n\n<h4 id=\"wp-block-themeisle-blocks-advanced-heading-d17896f2\" class=\"wp-block-themeisle-blocks-advanced-heading wp-block-themeisle-blocks-advanced-heading-d17896f2\">Appli<\/h4>\n\n\n\n<p class=\"has-text-align-left\">Une application mise en place pour favoriser la communication avec les parents.<\/p>\n<\/div>\n<\/div><\/div>\n<\/div>\n<\/div><\/div>\n\n\n\n<div class=\"wp-block-uagb-buttons uagb-buttons__outer-wrap uagb-btn__default-btn uagb-btn-tablet__default-btn uagb-btn-mobile__default-btn uagb-block-e4852802\"><div class=\"uagb-buttons__wrap uagb-buttons-layout-wrap\">\n<div class=\"wp-block-uagb-buttons-child uagb-buttons__outer-wrap uagb-block-9a06c564 wp-block-button\"><div class=\"uagb-button__wrapper\"><a class=\"uagb-buttons-repeater wp-block-button__link\" href=\"https:\/\/opticreche.fr\/inscriptions\/questionnaire\/maisondeMouma\" onclick=\"return true;\" rel=\"follow noopener\" target=\"_blank\"><div class=\"uagb-button__link\">Pr\u00e9-inscription<\/div><\/a><\/div><\/div>\n<\/div><\/div>\n<\/div>\n<\/div>\n<\/div>\n<\/div>\n<\/div><\/div>\n\n\n\n<div id=\"wp-block-themeisle-blocks-advanced-columns-893876d7\" class=\"wp-block-themeisle-blocks-advanced-columns has-1-columns has-desktop-equal-layout has-tablet-equal-layout has-mobile-equal-layout has-vertical-top ticss-c00aadba has-light-bg\"><div class=\"wp-block-themeisle-blocks-advanced-columns-overlay\"><\/div><div class=\"innerblocks-wrap\">\n<div id=\"wp-block-themeisle-blocks-advanced-column-3bb591aa\" class=\"wp-block-themeisle-blocks-advanced-column\">\n<div id=\"wp-block-themeisle-blocks-advanced-columns-6b3a7fa4\" class=\"wp-block-themeisle-blocks-advanced-columns has-1-columns has-desktop-equal-layout has-tablet-equal-layout has-mobile-equal-layout has-vertical-center\"><div class=\"wp-block-themeisle-blocks-advanced-columns-overlay\"><\/div><div class=\"innerblocks-wrap\">\n<div id=\"wp-block-themeisle-blocks-advanced-column-d27cc28a\" class=\"wp-block-themeisle-blocks-advanced-column\">\n<h2 id=\"wp-block-themeisle-blocks-advanced-heading-aaf42689\" class=\"wp-block-themeisle-blocks-advanced-heading wp-block-themeisle-blocks-advanced-heading-aaf42689\">Financements<\/h2>\n<\/div>\n<\/div><\/div>\n\n\n\n<div id=\"wp-block-themeisle-blocks-advanced-columns-c82252ab\" class=\"wp-block-themeisle-blocks-advanced-columns has-1-columns has-desktop-equal-layout has-tablet-equal-layout has-mobile-collapsedRows-layout has-vertical-top\"><div class=\"wp-block-themeisle-blocks-advanced-columns-overlay\"><\/div><div class=\"innerblocks-wrap\">\n<div id=\"wp-block-themeisle-blocks-advanced-column-f6ba8eb5\" class=\"wp-block-themeisle-blocks-advanced-column\">\n<div class=\"wp-block-columns is-layout-flex wp-container-core-columns-is-layout-b72043dd wp-block-columns-is-layout-flex\" style=\"padding-right:0;padding-left:0\">\n<div class=\"wp-block-column is-layout-flow wp-block-column-is-layout-flow\">\n<div class=\"wp-block-uagb-info-box uagb-block-01a8e9a2 uagb-infobox__content-wrap  uagb-infobox-icon-above-title uagb-infobox-image-valign-top\"><div class=\"uagb-ifb-content\"><div class=\"uagb-ifb-title-wrap\"><h3 class=\"uagb-ifb-title\">PAJE<\/h3><\/div><p class=\"uagb-ifb-desc\">La PAJE, ou Prestation d&rsquo;Accueil du Jeune Enfant, repr\u00e9sente un compl\u00e9ment de mode de garde vers\u00e9 directement aux familles en fonction de leurs revenus et de la composition familiale.<br><br>Pour \u00eatre \u00e9ligible \u00e0 la PAJE, deux crit\u00e8res doivent \u00eatre respect\u00e9s par la famille :<br><br>La famille doit prendre en charge 15% des d\u00e9penses.<br>L&rsquo;enfant doit fr\u00e9quenter la structure d&rsquo;accueil pendant un minimum de 16 heures par mois.<\/p><\/div><\/div>\n<\/div>\n\n\n\n<div class=\"wp-block-column is-layout-flow wp-block-column-is-layout-flow\">\n<div class=\"wp-block-uagb-info-box uagb-block-87b583cd uagb-infobox__content-wrap  uagb-infobox-icon-above-title uagb-infobox-image-valign-top\"><div class=\"uagb-ifb-content\"><div class=\"uagb-ifb-title-wrap\"><h3 class=\"uagb-ifb-title\">Cr\u00e9dit d&rsquo;imp\u00f4ts<\/h3><\/div><p class=\"uagb-ifb-desc\">Toute famille aura droit \u00e0 un cr\u00e9dit d&rsquo;imp\u00f4t \u00e9quivalent \u00e0 la moiti\u00e9 des frais engag\u00e9s pour la garde de leur enfant, sur pr\u00e9sentation de justificatifs (attestation annuelle), jusqu&rsquo;\u00e0 concurrence de 3500 euros par an. Les frais d&rsquo;inscription s&rsquo;\u00e9l\u00e8vent \u00e0 90\u20ac.<br><br>La tarification inclut les \u00e9l\u00e9ments suivants :<br><br><strong>Produits d&rsquo;hygi\u00e8ne<\/strong> : couches, cotons, liniment, pains dermatologiques sans savon, s\u00e9rum physiologique, sacs pour linge sale, mouchoirs<br><br><strong>Produits alimentaires<\/strong> : eaux min\u00e9rales, collations du matin, go\u00fbters de l&rsquo;apr\u00e8s-midi.<\/p><\/div><\/div>\n<\/div>\n<\/div>\n<\/div>\n<\/div><\/div>\n<\/div>\n<\/div><\/div>\n\n\n\n<div class=\"wp-block-uagb-container uagb-block-3263fef5 alignfull uagb-is-root-container\"><div class=\"uagb-container-inner-blocks-wrap\">\n<div class=\"wp-block-uagb-container uagb-block-8229bb69\">\n<div class=\"wp-block-uagb-container uagb-block-ba94b914\">\n<p class=\"has-text-align-center has-large-font-size\"><strong>Des questions ? Posez-les !<\/strong><\/p>\n<\/div>\n<\/div>\n\n\n\n<div class=\"wp-block-uagb-container uagb-block-012eb950\">\n<div class=\"wp-block-buttons is-content-justification-center is-layout-flex wp-container-core-buttons-is-layout-48d0e691 wp-block-buttons-is-layout-flex\" style=\"margin-top:var(--wp--preset--spacing--60);margin-bottom:var(--wp--preset--spacing--60)\">\n<div class=\"wp-block-button\"><a class=\"wp-block-button__link wp-element-button\" href=\"https:\/\/lamaisondemouma.fr\/index.php\/contact\/\">Nous contacter<\/a><\/div>\n<\/div>\n<\/div>\n<\/div><\/div>\n\n\n\n<div class=\"wp-block-uagb-container uagb-block-57242a91 alignfull uagb-is-root-container\">\n<div class=\"wp-block-uagb-info-box uagb-block-2dda73fb uagb-infobox__content-wrap  uagb-infobox-icon-above-title uagb-infobox-image-valign-top\"><div class=\"uagb-ifb-content\"><div class=\"uagb-ifb-title-wrap\"><h2 class=\"uagb-ifb-title\">Micro-cr\u00e8che &#8211; Le Cellier 44850<\/h2><\/div><p class=\"uagb-ifb-desc\">La Maison de Mouma<\/p><div class=\"uagb-ifb-button-wrapper wp-block-button\"><a href=\"https:\/\/opticreche.fr\/inscriptions\/questionnaire\/maisondeMouma\" class=\"uagb-infobox-cta-link wp-block-button__link\" target=\"_blank\" rel=\"noopener noreferrer\" onclick=\"return true;\" alt=\"\"><span class=\"uagb-inline-editing\">Pr\u00e9-inscription<\/span><\/a><\/div><\/div><\/div>\n<\/div>\n","protected":false},"excerpt":{"rendered":"<p>Des questions ? Posez-les !<\/p>\n","protected":false},"author":1,"featured_media":0,"parent":0,"menu_order":0,"comment_status":"closed","ping_status":"closed","template":"","meta":{"_uag_custom_page_level_css":"","site-sidebar-layout":"no-sidebar","site-content-layout":"","ast-site-content-layout":"full-width-container","site-content-style":"default","site-sidebar-style":"default","ast-global-header-display":"","ast-banner-title-visibility":"","ast-main-header-display":"","ast-hfb-above-header-display":"","ast-hfb-below-header-display":"","ast-hfb-mobile-header-display":"","site-post-title":"disabled","ast-breadcrumbs-content":"","ast-featured-img":"","footer-sml-layout":"","theme-transparent-header-meta":"","adv-header-id-meta":"","stick-header-meta":"","header-above-stick-meta":"","header-main-stick-meta":"","header-below-stick-meta":"","astra-migrate-meta-layouts":"set","ast-page-background-enabled":"default","ast-page-background-meta":{"desktop":{"background-color":"var(--ast-global-color-4)","background-image":"","background-repeat":"repeat","background-position":"center center","background-size":"auto","background-attachment":"scroll","background-type":"","background-media":"","overlay-type":"","overlay-color":"","overlay-gradient":""},"tablet":{"background-color":"","background-image":"","background-repeat":"repeat","background-position":"center center","background-size":"auto","background-attachment":"scroll","background-type":"","background-media":"","overlay-type":"","overlay-color":"","overlay-gradient":""},"mobile":{"background-color":"","background-image":"","background-repeat":"repeat","background-position":"center center","background-size":"auto","background-attachment":"scroll","background-type":"","background-media":"","overlay-type":"","overlay-color":"","overlay-gradient":""}},"ast-content-background-meta":{"desktop":{"background-color":"var(--ast-global-color-5)","background-image":"","background-repeat":"repeat","background-position":"center center","background-size":"auto","background-attachment":"scroll","background-type":"","background-media":"","overlay-type":"","overlay-color":"","overlay-gradient":""},"tablet":{"background-color":"var(--ast-global-color-5)","background-image":"","background-repeat":"repeat","background-position":"center center","background-size":"auto","background-attachment":"scroll","background-type":"","background-media":"","overlay-type":"","overlay-color":"","overlay-gradient":""},"mobile":{"background-color":"var(--ast-global-color-5)","background-image":"","background-repeat":"repeat","background-position":"center center","background-size":"auto","background-attachment":"scroll","background-type":"","background-media":"","overlay-type":"","overlay-color":"","overlay-gradient":""}},"_themeisle_gutenberg_block_has_review":false,"_ti_tpc_template_sync":false,"_ti_tpc_template_id":"","footnotes":""},"class_list":["post-2768","page","type-page","status-publish","hentry"],"uagb_featured_image_src":{"full":false,"thumbnail":false,"medium":false,"medium_large":false,"large":false,"1536x1536":false,"2048x2048":false,"woocommerce_thumbnail":false,"woocommerce_single":false,"woocommerce_gallery_thumbnail":false},"uagb_author_info":{"display_name":"admin9617","author_link":"https:\/\/lamaisondemouma.fr\/author\/admin9617\/"},"uagb_comment_info":0,"uagb_excerpt":"Des questions ? Posez-les !","_links":{"self":[{"href":"https:\/\/lamaisondemouma.fr\/index.php\/wp-json\/wp\/v2\/pages\/2768","targetHints":{"allow":["GET"]}}],"collection":[{"href":"https:\/\/lamaisondemouma.fr\/index.php\/wp-json\/wp\/v2\/pages"}],"about":[{"href":"https:\/\/lamaisondemouma.fr\/index.php\/wp-json\/wp\/v2\/types\/page"}],"author":[{"embeddable":true,"href":"https:\/\/lamaisondemouma.fr\/index.php\/wp-json\/wp\/v2\/users\/1"}],"replies":[{"embeddable":true,"href":"https:\/\/lamaisondemouma.fr\/index.php\/wp-json\/wp\/v2\/comments?post=2768"}],"version-history":[{"count":24,"href":"https:\/\/lamaisondemouma.fr\/index.php\/wp-json\/wp\/v2\/pages\/2768\/revisions"}],"predecessor-version":[{"id":2993,"href":"https:\/\/lamaisondemouma.fr\/index.php\/wp-json\/wp\/v2\/pages\/2768\/revisions\/2993"}],"wp:attachment":[{"href":"https:\/\/lamaisondemouma.fr\/index.php\/wp-json\/wp\/v2\/media?parent=2768"}],"curies":[{"name":"wp","href":"https:\/\/api.w.org\/{rel}","templated":true}]}}